{"id":1154,"date":"2019-01-31T12:34:41","date_gmt":"2019-01-31T11:34:41","guid":{"rendered":"https:\/\/www.beesmile.fr\/?page_id=1154"},"modified":"2023-02-23T16:44:10","modified_gmt":"2023-02-23T15:44:10","slug":"apprendre-a-etre-plus-heureux","status":"publish","type":"page","link":"https:\/\/www.beesmile.fr\/index.php\/apprendre-a-etre-plus-heureux\/","title":{"rendered":"Former"},"content":{"rendered":"\n<div class=\"wp-block-media-text alignwide is-stacked-on-mobile\" style=\"grid-template-columns:38% auto\"><figure class=\"wp-block-media-text__media\"><img fetchpriority=\"high\" decoding=\"async\" width=\"284\" height=\"331\" src=\"https:\/\/www.beesmile.fr\/wp-content\/uploads\/2021\/01\/BEE-GOOD.png\" alt=\"\" class=\"wp-image-3510 size-full\" srcset=\"https:\/\/www.beesmile.fr\/wp-content\/uploads\/2021\/01\/BEE-GOOD.png 284w, https:\/\/www.beesmile.fr\/wp-content\/uploads\/2021\/01\/BEE-GOOD-257x300.png 257w\" sizes=\"(max-width: 284px) 100vw, 284px\" \/><\/figure><div class=\"wp-block-media-text__content\">\n<p><strong>Une grande partie de l\u2019impulsion se cache dans le management. <\/strong><\/p>\n\n\n\n<p>Ayez  des managers qui montrent l\u2019exemple, qui appliquent et diffusent les  bonnes pratiques, qui sont <strong>exigeants ET bienveillants<\/strong>. <\/p>\n\n\n\n<p>En s&rsquo;appuyant sur la science de la psychologie positive, ce programme revient sur les <strong>fondamentaux du management positif<\/strong>. Ces principes sont contagieux, ils agissent en profondeur sur les lignes hi\u00e9rarchiques et contribuent \u00e0 instaurer une culture positive. <\/p>\n\n\n\n<blockquote class=\"wp-block-quote is-layout-flow wp-block-quote-is-layout-flow\">\n<p><em>Formation et coaching.<\/em> <br><em>Formation : 59\u20ac ht par heure de formation par personne ou minimum de 1500\u20ac ht la journ\u00e9e. <\/em><br><em>Coaching : 190\u20ac ht par heure.<\/em><\/p>\n<\/blockquote>\n<\/div><\/div>\n\n\n\n<hr class=\"wp-block-separator has-alpha-channel-opacity\" id=\"BEECAREFUL\"\/>\n\n\n\n<div class=\"wp-block-media-text alignwide is-stacked-on-mobile\" style=\"grid-template-columns:38% auto\"><figure class=\"wp-block-media-text__media\"><img decoding=\"async\" width=\"285\" height=\"332\" src=\"https:\/\/www.beesmile.fr\/wp-content\/uploads\/2021\/01\/BEE-CAREFUL.png\" alt=\"\" class=\"wp-image-3522 size-full\" srcset=\"https:\/\/www.beesmile.fr\/wp-content\/uploads\/2021\/01\/BEE-CAREFUL.png 285w, https:\/\/www.beesmile.fr\/wp-content\/uploads\/2021\/01\/BEE-CAREFUL-258x300.png 258w\" sizes=\"(max-width: 285px) 100vw, 285px\" \/><\/figure><div class=\"wp-block-media-text__content\">\n<p><strong>Quel est le niveau de d\u00e9pendance num\u00e9rique de vos \u00e9quipes ? <\/strong><\/p>\n\n\n\n<p>Aidez les \u00e0 reprendre le pouvoir : chaque participant r\u00e9alise son diagnostic bas\u00e9 sur 20 questions comportementales et 12  questions statistiques simples, pour le classer sur une <strong>\u00e9chelle \u00e0 5 niveaux de d\u00e9pendance<\/strong>.   <\/p>\n\n\n\n<p><strong>Pour pr\u00e9venir le burn-out et agir concr\u00e8tement sur la sensibilisation \u00e0 la d\u00e9pendance num\u00e9rique<\/strong>, le module expose les  bons r\u00e9flexes pour reprendre le pouvoir sur les th\u00e9matiques cl\u00e9s : les mails, les r\u00e9seaux sociaux, le surf, le t\u00e9l\u00e9phone &#8230; et aussi bien pr\u00e9parer ses \u00e9quipes avant le d\u00e9part en vacances ! <\/p>\n\n\n\n<p>Faites les gagner en efficacit\u00e9  professionnelle et en bien-\u00eatre.  <\/p>\n\n\n\n<blockquote class=\"wp-block-quote is-layout-flow wp-block-quote-is-layout-flow\">\n<p><em>Diagnostic, formation et coaching.<br>Diagnostic, formation : individuel 400\u20ac ht\/pers, collectif 260\u20ac ht\/pers. <\/em>(1\/2 journ\u00e9e)<br><em>Coaching : 190\u20ac ht par heure.<\/em><\/p>\n<\/blockquote>\n<\/div><\/div>\n\n\n\n<hr class=\"wp-block-separator has-alpha-channel-opacity\" id=\"BEEATHOME\"\/>\n\n\n\n<div class=\"wp-block-media-text alignwide is-stacked-on-mobile\" style=\"grid-template-columns:39% auto\"><figure class=\"wp-block-media-text__media\"><img decoding=\"async\" width=\"285\" height=\"326\" src=\"https:\/\/www.beesmile.fr\/wp-content\/uploads\/2021\/01\/BEE-AT-HOME.png\" alt=\"\" class=\"wp-image-3507 size-full\" srcset=\"https:\/\/www.beesmile.fr\/wp-content\/uploads\/2021\/01\/BEE-AT-HOME.png 285w, https:\/\/www.beesmile.fr\/wp-content\/uploads\/2021\/01\/BEE-AT-HOME-262x300.png 262w\" sizes=\"(max-width: 285px) 100vw, 285px\" \/><\/figure><div class=\"wp-block-media-text__content\">\n<p><strong>Rendez vos \u00e9quipes plus \u00e0 l&rsquo;aide avec le management \u00e0 distance. <\/strong><\/p>\n\n\n\n<p>La pand\u00e9mie du Covid-19 a acc\u00e9l\u00e9r\u00e9 le t\u00e9l\u00e9travail de fa\u00e7on in\u00e9dite. <\/p>\n\n\n\n<p>Ce module leur permet de se poser les bonnes questions, d&rsquo;<strong>adapter leurs pratiques au distanciel<\/strong>, \u00e0 faire confiance et \u00e0 pratiquer le <strong>management situationnel<\/strong> selon l&rsquo;autonomie des membres de leur \u00e9quipe. <\/p>\n\n\n\n<p>Faites d&rsquo;eux des managers plus aguerris au distanciel. <\/p>\n\n\n\n<blockquote class=\"wp-block-quote is-layout-flow wp-block-quote-is-layout-flow\">\n<p><em>Formation et coaching.<\/em><br><em>Formation : 59\u20ac ht par heure de formation par personne ou minimum de 1500\u20ac ht la journ\u00e9e. <\/em><br><em>Coaching : 190\u20ac ht par heure.<\/em><\/p>\n<\/blockquote>\n<\/div><\/div>\n\n\n\n<hr class=\"wp-block-separator has-css-opacity\"\/>\n\n\n<div class=\"wp-block-image\">\n<figure class=\"aligncenter size-large is-resized\"><img decoding=\"async\" src=\"https:\/\/www.beesmile.fr\/wp-content\/uploads\/2019\/10\/logo-BEE-Smile.png\" alt=\"\" class=\"wp-image-2183\" width=\"100\"\/><\/figure>\n<\/div>\n\n\n<p class=\"has-text-align-center has-luminous-vivid-amber-background-color has-background has-medium-font-size\"><strong>Contactez-nous <\/strong>!<\/p>\n\n\n\n<p>Parlons en pour pr\u00e9ciser votre besoin et construire ensemble la solution de progr\u00e8s.<\/p>\n\n\n\n<div class=\"wp-block-media-text alignwide is-stacked-on-mobile\" style=\"grid-template-columns:37% auto\"><figure class=\"wp-block-media-text__media\"><a href=\"https:\/\/calendly.com\/beesmile\/40min\"><img loading=\"lazy\" decoding=\"async\" width=\"335\" height=\"143\" src=\"https:\/\/www.beesmile.fr\/wp-content\/uploads\/2021\/01\/Rendez-vous-BEE-Smile.png\" alt=\"BEE Smile - Engagement salari\u00e9\" class=\"wp-image-3614 size-full\" srcset=\"https:\/\/www.beesmile.fr\/wp-content\/uploads\/2021\/01\/Rendez-vous-BEE-Smile.png 335w, https:\/\/www.beesmile.fr\/wp-content\/uploads\/2021\/01\/Rendez-vous-BEE-Smile-300x128.png 300w\" sizes=\"(max-width: 335px) 100vw, 335px\" \/><\/a><\/figure><div class=\"wp-block-media-text__content\">\n<p class=\"has-medium-font-size\"><strong><a href=\"https:\/\/calendly.com\/beesmile\/40min\">Prendre rdv pour un \u00e9change sans engagement<\/a><\/strong><\/p>\n<\/div><\/div>\n\n\n\n<div style=\"height:47px\" aria-hidden=\"true\" class=\"wp-block-spacer\"><\/div>\n\n\n\n<p class=\"has-medium-font-size\">ou utilisez le formulaire ci-dessous. <\/p>\n\n\n\n<p><strong><code>[pirate_forms]<\/code><\/strong><\/p>\n","protected":false},"excerpt":{"rendered":"<p>Contactez-nous ! Parlons en pour pr\u00e9ciser votre besoin et construire ensemble la solution de progr\u00e8s. Prendre rdv pour un \u00e9change sans engagement ou utilisez le formulaire ci-dessous. [pirate_forms]<\/p>\n","protected":false},"author":1,"featured_media":0,"parent":0,"menu_order":0,"comment_status":"closed","ping_status":"closed","template":"","meta":{"_acf_changed":false,"_seopress_robots_primary_cat":"","_seopress_titles_title":"Former et renforcer l&#039;engagement - BEE Smile","_seopress_titles_desc":"","_seopress_robots_index":"","neve_meta_sidebar":"","neve_meta_container":"","neve_meta_enable_content_width":"","neve_meta_content_width":0,"neve_meta_title_alignment":"","neve_meta_author_avatar":"","neve_post_elements_order":"","neve_meta_disable_header":"","neve_meta_disable_footer":"","neve_meta_disable_title":"","_themeisle_gutenberg_block_has_review":false,"footnotes":""},"class_list":["post-1154","page","type-page","status-publish","hentry"],"acf":[],"_links":{"self":[{"href":"https:\/\/www.beesmile.fr\/index.php\/wp-json\/wp\/v2\/pages\/1154","targetHints":{"allow":["GET"]}}],"collection":[{"href":"https:\/\/www.beesmile.fr\/index.php\/wp-json\/wp\/v2\/pages"}],"about":[{"href":"https:\/\/www.beesmile.fr\/index.php\/wp-json\/wp\/v2\/types\/page"}],"author":[{"embeddable":true,"href":"https:\/\/www.beesmile.fr\/index.php\/wp-json\/wp\/v2\/users\/1"}],"replies":[{"embeddable":true,"href":"https:\/\/www.beesmile.fr\/index.php\/wp-json\/wp\/v2\/comments?post=1154"}],"version-history":[{"count":19,"href":"https:\/\/www.beesmile.fr\/index.php\/wp-json\/wp\/v2\/pages\/1154\/revisions"}],"predecessor-version":[{"id":6697,"href":"https:\/\/www.beesmile.fr\/index.php\/wp-json\/wp\/v2\/pages\/1154\/revisions\/6697"}],"wp:attachment":[{"href":"https:\/\/www.beesmile.fr\/index.php\/wp-json\/wp\/v2\/media?parent=1154"}],"curies":[{"name":"wp","href":"https:\/\/api.w.org\/{rel}","templated":true}]}}