{"id":931,"date":"2019-01-31T12:06:28","date_gmt":"2019-01-31T11:06:28","guid":{"rendered":"https:\/\/www.beesmile.fr\/?page_id=931"},"modified":"2023-02-20T10:00:00","modified_gmt":"2023-02-20T09:00:00","slug":"etre-plus-heureux-au-bureau","status":"publish","type":"page","link":"https:\/\/www.beesmile.fr\/index.php\/etre-plus-heureux-au-bureau\/","title":{"rendered":"Agir sur l&rsquo;engagement des \u00e9quipes"},"content":{"rendered":"\n<div class=\"wp-block-media-text alignwide is-stacked-on-mobile\" style=\"grid-template-columns:36% auto\"><figure class=\"wp-block-media-text__media\"><img fetchpriority=\"high\" decoding=\"async\" width=\"285\" height=\"331\" src=\"https:\/\/www.beesmile.fr\/wp-content\/uploads\/2021\/01\/BEE-Smart-2.png\" alt=\"\" class=\"wp-image-3636 size-full\" srcset=\"https:\/\/www.beesmile.fr\/wp-content\/uploads\/2021\/01\/BEE-Smart-2.png 285w, https:\/\/www.beesmile.fr\/wp-content\/uploads\/2021\/01\/BEE-Smart-2-258x300.png 258w\" sizes=\"(max-width: 285px) 100vw, 285px\" \/><\/figure><div class=\"wp-block-media-text__content\">\n<p>Offrez \u00e0 vos salari\u00e9s une plateforme web (ou intranet), avec deux familles de contenus pour <strong>prendre en main leur QVT<\/strong> [Qualit\u00e9 de Vie au Travail] : <\/p>\n\n\n\n<ul class=\"wp-block-list\">\n<li><strong>les services du quotidien<\/strong>, \u00e0 proximit\u00e9 du lieu de travail, class\u00e9s par th\u00e8mes, visible sur un plan, avec les avis et les bons plans,<\/li>\n\n\n\n<li><strong>le blog du mieux \u00eatre au travail<\/strong>, avec des articles r\u00e9guliers sur des th\u00e9matiques li\u00e9es \u00e0 la vie pro, <\/li>\n<\/ul>\n\n\n\n<p>Le tout pour sensibiliser les salari\u00e9s, changer leurs habitudes, passer \u00e0 l&rsquo;action pour une meilleure vie professionnelle au sein de l&rsquo;entreprise. <\/p>\n\n\n\n<p>BEE Smart est un acc\u00e9l\u00e9rateur de la politique QVT de l&rsquo;entreprise et la rend accessible au quotidien.<\/p>\n\n\n\n<p>Le bonus ? si votre entreprise a un grand nombre de salari\u00e9s, nous n\u00e9gocions avec certaines enseignes en proximit\u00e9 de nouveaux avantages salari\u00e9s !<\/p>\n\n\n\n<p><strong>Gr\u00e2ce \u00e0 BEE Smart, rendez attractif et plaisant le quartier professionnel de vos \u00e9quipes. <\/strong><\/p>\n\n\n\n<p>*BEE Smart = sois fut\u00e9 !<\/p>\n\n\n\n<blockquote class=\"wp-block-quote is-layout-flow wp-block-quote-is-layout-flow\">\n<p><em><a href=\"http:\/\/beesmile.fr\/#contact\">Tarif : sur abonnement.<\/a><\/em><\/p>\n<\/blockquote>\n<\/div><\/div>\n\n\n\n<hr class=\"wp-block-separator has-alpha-channel-opacity\" id=\"BEEWELCOME\"\/>\n\n\n\n<div class=\"wp-block-media-text alignwide is-stacked-on-mobile\" style=\"grid-template-columns:37% auto\"><figure class=\"wp-block-media-text__media\"><img decoding=\"async\" width=\"285\" height=\"330\" src=\"https:\/\/www.beesmile.fr\/wp-content\/uploads\/2021\/01\/BEE-Welcome.png\" alt=\"\" class=\"wp-image-3516 size-full\" srcset=\"https:\/\/www.beesmile.fr\/wp-content\/uploads\/2021\/01\/BEE-Welcome.png 285w, https:\/\/www.beesmile.fr\/wp-content\/uploads\/2021\/01\/BEE-Welcome-259x300.png 259w\" sizes=\"(max-width: 285px) 100vw, 285px\" \/><\/figure><div class=\"wp-block-media-text__content\">\n<p id=\"BEEWELCOME\">Nous fabriquons un programme d\u00e9tonnant pour <strong>accueillir les nouveaux  salari\u00e9s<\/strong> et \u00e9viter l\u2019effet d\u00e9ceptif d\u00e8s l\u2019arriv\u00e9e dans leur \u00ab&nbsp;nouvelle  bo\u00eete&nbsp;\u00bb.<\/p>\n\n\n\n<p>\u00c7a y est&nbsp;! le contrat est sign\u00e9&nbsp;! mais que se passe-t-il \u00e0 l\u2019arriv\u00e9e dans l\u2019entreprise&nbsp;? le plus souvent, pas grand-chose&#8230; Pourtant, accueillir ses nouveaux collaborateurs avec la m\u00eame \u00e9nergie que des nouveaux clients est primordial pour travailler l\u2019image de l\u2019organisation et donner une belle impulsion de d\u00e9part. <\/p>\n\n\n\n<p>C\u2019est ce que nous faisons dans ce programme d\u2019accueil&nbsp;: construire avec vous, les premi\u00e8res semaines de vos nouvelles recrues en mixant les exp\u00e9riences et en travaillant l&rsquo;int\u00e9gration dans la dur\u00e9e. <\/p>\n\n\n\n<p>Depuis le coup de fil d&rsquo;annonce de la bonne nouvelle jusqu&rsquo;au 3 ou 6 mois de contrat, nous fabriquons un parcours vari\u00e9, ponctu\u00e9 d&rsquo;\u00e9v\u00e8nements qui rythment ces premi\u00e8res semaines et donnent toutes les chances aux deux parties de continuer l&rsquo;aventure &#8230; pour longtemps !<\/p>\n\n\n\n<blockquote class=\"wp-block-quote is-layout-flow wp-block-quote-is-layout-flow\">\n<p><em><a href=\"http:\/\/beesmile.fr\/#contact\">Tarif : nous consulter selon l&rsquo;\u00e9tendue du programme.<\/a><\/em><\/p>\n<\/blockquote>\n<\/div><\/div>\n\n\n\n<hr class=\"wp-block-separator has-alpha-channel-opacity\" id=\"BEEWELL\"\/>\n\n\n\n<div class=\"wp-block-media-text alignwide is-stacked-on-mobile\" style=\"grid-template-columns:38% auto\" id=\"BEEWELL\"><figure class=\"wp-block-media-text__media\"><img decoding=\"async\" width=\"286\" height=\"331\" src=\"https:\/\/www.beesmile.fr\/wp-content\/uploads\/2021\/01\/BEE-Well.png\" alt=\"\" class=\"wp-image-3517 size-full\" srcset=\"https:\/\/www.beesmile.fr\/wp-content\/uploads\/2021\/01\/BEE-Well.png 286w, https:\/\/www.beesmile.fr\/wp-content\/uploads\/2021\/01\/BEE-Well-259x300.png 259w\" sizes=\"(max-width: 286px) 100vw, 286px\" \/><\/figure><div class=\"wp-block-media-text__content\">\n<p>Nous r\u00e9novons avec les techniques du <strong>home staging<\/strong> des espaces de vie  communs de l\u2019entreprise. Personnalisation, ambiance, couleurs, des  espaces comme \u00e0 la maison pour se d\u00e9tendre et mieux&nbsp; travailler.<\/p>\n\n\n\n<p>L\u2019objectif est de retravailler les ambiances de tout ou partie des <strong>espaces communs<\/strong>&nbsp;: salle de pause, salle de restauration, salles de r\u00e9union, espaces fumeurs, salle de vestiaires, \u2026<\/p>\n\n\n\n<p>Le principe est d\u2019appliquer les r\u00e8gles du <em>home staging<\/em> \u00e0 l\u2019entreprise, en redonnant un look typ\u00e9 \u00e0 des lieux souvent d\u00e9laiss\u00e9s ou fades, sans engager des travaux d\u2019envergure.  Faible budget mais\nimpact garanti&nbsp;! <\/p>\n\n\n\n<p id=\"BEEWELL\">Ces actions permettent aux salari\u00e9s de vivre dans des espaces plus agr\u00e9ables, vivants et color\u00e9s. C&rsquo;est aussi envoyer le message que le bien \u00eatre au travail est traduit de fa\u00e7on tr\u00e8s concr\u00e8te pour les salari\u00e9s. <\/p>\n\n\n\n<p><strong>La d\u00e9marche associe les salari\u00e9s<\/strong> aux choix r\u00e9alis\u00e9s pendant cette phase de home staging, notamment sur leur attentes.<\/p>\n\n\n\n<blockquote class=\"wp-block-quote is-layout-flow wp-block-quote-is-layout-flow\">\n<p><em><a href=\"http:\/\/beesmile.fr\/#contact\">Tarif : sur devis selon la nature des travaux. Inclus l&rsquo;\u00e9tude et la r\u00e9alisation des travaux par un r\u00e9seau d&rsquo;entrepreneurs s\u00e9lectionn\u00e9s. <\/a><\/em><\/p>\n\n\n\n<p><\/p>\n<\/blockquote>\n<\/div><\/div>\n\n\n\n<hr class=\"wp-block-separator has-alpha-channel-opacity\" id=\"BEEBIRTHDAY\"\/>\n\n\n\n<div class=\"wp-block-media-text alignwide is-stacked-on-mobile\" style=\"grid-template-columns:40% auto\"><figure class=\"wp-block-media-text__media\"><img loading=\"lazy\" decoding=\"async\" width=\"286\" height=\"331\" src=\"https:\/\/www.beesmile.fr\/wp-content\/uploads\/2021\/01\/BEE-Birthday.png\" alt=\"\" class=\"wp-image-3508 size-full\" srcset=\"https:\/\/www.beesmile.fr\/wp-content\/uploads\/2021\/01\/BEE-Birthday.png 286w, https:\/\/www.beesmile.fr\/wp-content\/uploads\/2021\/01\/BEE-Birthday-259x300.png 259w\" sizes=\"(max-width: 286px) 100vw, 286px\" \/><\/figure><div class=\"wp-block-media-text__content\">\n<p>Nous souhaitons de la part de l\u2019entreprise un <strong>bon anniversaire d\u2019anciennet\u00e9<\/strong> (3 ou 5 ans), accompagn\u00e9s de  surprises.<\/p>\n\n\n\n<p>Tout le monde a en t\u00eate sa date d&rsquo;entr\u00e9e dans l&rsquo;entreprise. Pourtant cette date est rarement c\u00e9l\u00e9br\u00e9e. Pour remercier le salari\u00e9 de son investissement, nous souhaitons un bon anniversaire d&rsquo;anciennet\u00e9 tous les 3 ou 5 ans. <\/p>\n\n\n\n<p>Un \u00e9crit de remerciement, un cadeau personnel et un avantage social symbolique pour cette occasion, voil\u00e0 de quoi envoyer un <strong>message tr\u00e8s positif au salari\u00e9<\/strong> et lui faire comprendre qu&rsquo;il compte pour l&rsquo;organisation. <\/p>\n\n\n\n<blockquote class=\"wp-block-quote is-layout-flow wp-block-quote-is-layout-flow\">\n<p><em><a href=\"http:\/\/beesmile.fr\/#contact\">Tarif : \u00e0 partir de 4,90\u20ac ht par mois et par salari\u00e9. Tout est pr\u00e9vu, vous ne vous occupez de rien.<\/a><\/em><\/p>\n\n\n\n<p><\/p>\n<\/blockquote>\n<\/div><\/div>\n\n\n\n<hr class=\"wp-block-separator has-css-opacity\"\/>\n\n\n<div class=\"wp-block-image\">\n<figure class=\"aligncenter size-large is-resized\"><img loading=\"lazy\" decoding=\"async\" src=\"https:\/\/www.beesmile.fr\/wp-content\/uploads\/2019\/10\/cropped-logo-BEE-Smile.png\" alt=\"\" class=\"wp-image-2184\" width=\"128\" height=\"128\" srcset=\"https:\/\/www.beesmile.fr\/wp-content\/uploads\/2019\/10\/cropped-logo-BEE-Smile.png 512w, https:\/\/www.beesmile.fr\/wp-content\/uploads\/2019\/10\/cropped-logo-BEE-Smile-150x150.png 150w, https:\/\/www.beesmile.fr\/wp-content\/uploads\/2019\/10\/cropped-logo-BEE-Smile-300x300.png 300w, https:\/\/www.beesmile.fr\/wp-content\/uploads\/2019\/10\/cropped-logo-BEE-Smile-250x250.png 250w, https:\/\/www.beesmile.fr\/wp-content\/uploads\/2019\/10\/cropped-logo-BEE-Smile-174x174.png 174w, https:\/\/www.beesmile.fr\/wp-content\/uploads\/2019\/10\/cropped-logo-BEE-Smile-270x270.png 270w, https:\/\/www.beesmile.fr\/wp-content\/uploads\/2019\/10\/cropped-logo-BEE-Smile-192x192.png 192w, https:\/\/www.beesmile.fr\/wp-content\/uploads\/2019\/10\/cropped-logo-BEE-Smile-180x180.png 180w, https:\/\/www.beesmile.fr\/wp-content\/uploads\/2019\/10\/cropped-logo-BEE-Smile-32x32.png 32w\" sizes=\"(max-width: 128px) 100vw, 128px\" \/><\/figure>\n<\/div>\n\n\n<p class=\"has-text-align-center has-luminous-vivid-amber-background-color has-background has-medium-font-size\"><strong>Contactez-nous <\/strong>!<\/p>\n\n\n\n<p>Parlons en pour pr\u00e9ciser votre besoin et construire ensemble la solution de progr\u00e8s.<\/p>\n\n\n\n<div class=\"wp-block-media-text alignwide is-stacked-on-mobile\" style=\"grid-template-columns:39% auto\"><figure class=\"wp-block-media-text__media\"><a href=\"https:\/\/calendly.com\/beesmile\/40min\"><img loading=\"lazy\" decoding=\"async\" width=\"335\" height=\"143\" src=\"https:\/\/www.beesmile.fr\/wp-content\/uploads\/2021\/01\/Rendez-vous-BEE-Smile.png\" alt=\"BEE Smile - Engagement salari\u00e9\" class=\"wp-image-3614 size-full\" srcset=\"https:\/\/www.beesmile.fr\/wp-content\/uploads\/2021\/01\/Rendez-vous-BEE-Smile.png 335w, https:\/\/www.beesmile.fr\/wp-content\/uploads\/2021\/01\/Rendez-vous-BEE-Smile-300x128.png 300w\" sizes=\"(max-width: 335px) 100vw, 335px\" \/><\/a><\/figure><div class=\"wp-block-media-text__content\">\n<p class=\"has-medium-font-size\"><strong><a href=\"https:\/\/calendly.com\/beesmile\/40min\">Prendre rdv pour un \u00e9change sans engagement<\/a><\/strong><\/p>\n<\/div><\/div>\n\n\n\n<div style=\"height:65px\" aria-hidden=\"true\" class=\"wp-block-spacer\"><\/div>\n\n\n\n<p class=\"has-text-align-center has-medium-font-size\">ou utilisez le formulaire ci-dessous : <\/p>\n\n\n\n<p><strong><code>[pirate_forms]<\/code><\/strong><\/p>\n","protected":false},"excerpt":{"rendered":"<p>Contactez-nous ! Parlons en pour pr\u00e9ciser votre besoin et construire ensemble la solution de progr\u00e8s. Prendre rdv pour un \u00e9change sans engagement ou utilisez le formulaire ci-dessous : [pirate_forms]<\/p>\n","protected":false},"author":1,"featured_media":0,"parent":0,"menu_order":0,"comment_status":"closed","ping_status":"closed","template":"","meta":{"_acf_changed":false,"_seopress_robots_primary_cat":"","_seopress_titles_title":"","_seopress_titles_desc":"D\u00e9couvrez des exemples agissant fortement sur l&#039;engagement salari\u00e9. Vous aussi, diminuez l&#039;absent\u00e9isme, le turn-over et donner envie \u00e0 vos \u00e9quipes de s&#039;engager.","_seopress_robots_index":"","neve_meta_sidebar":"","neve_meta_container":"","neve_meta_enable_content_width":"","neve_meta_content_width":0,"neve_meta_title_alignment":"","neve_meta_author_avatar":"","neve_post_elements_order":"","neve_meta_disable_header":"","neve_meta_disable_footer":"","neve_meta_disable_title":"","_themeisle_gutenberg_block_has_review":false,"footnotes":""},"class_list":["post-931","page","type-page","status-publish","hentry"],"acf":[],"_links":{"self":[{"href":"https:\/\/www.beesmile.fr\/index.php\/wp-json\/wp\/v2\/pages\/931","targetHints":{"allow":["GET"]}}],"collection":[{"href":"https:\/\/www.beesmile.fr\/index.php\/wp-json\/wp\/v2\/pages"}],"about":[{"href":"https:\/\/www.beesmile.fr\/index.php\/wp-json\/wp\/v2\/types\/page"}],"author":[{"embeddable":true,"href":"https:\/\/www.beesmile.fr\/index.php\/wp-json\/wp\/v2\/users\/1"}],"replies":[{"embeddable":true,"href":"https:\/\/www.beesmile.fr\/index.php\/wp-json\/wp\/v2\/comments?post=931"}],"version-history":[{"count":17,"href":"https:\/\/www.beesmile.fr\/index.php\/wp-json\/wp\/v2\/pages\/931\/revisions"}],"predecessor-version":[{"id":6660,"href":"https:\/\/www.beesmile.fr\/index.php\/wp-json\/wp\/v2\/pages\/931\/revisions\/6660"}],"wp:attachment":[{"href":"https:\/\/www.beesmile.fr\/index.php\/wp-json\/wp\/v2\/media?parent=931"}],"curies":[{"name":"wp","href":"https:\/\/api.w.org\/{rel}","templated":true}]}}